
Let x = -67 - -100. What are the prime factors of x?
3, 11
Suppose -10*f = -2*f - 808. What are the prime factors of f?
101
What are the prime factors of (0 - 298/(-6))/((-6)/(-18))?
149
Suppose 3*u + 8*u - 55 = 0. List the prime factors of u.
5
Let a = -4 + 23. List the prime factors of a.
19
Let s(k) = -13*k**3 - 1 + 5 + 14*k**3. What are the prime factors of s(0)?
2
List the prime factors of (33 - (-24)/4)*(-14)/(-3).
2, 7, 13
Suppose -3 = a - 29. What are the prime factors of a?
2, 13
Suppose 5*l = -4*m + 61, -m - m = -8. What are the prime factors of l?
3
Suppose -5*r + 13 = i, 0 - 7 = -3*r - i. Suppose -3*w + 52 = g, 4*w - 6*g = -r*g + 78. What are the prime factors of w?
2, 3
Suppose -b + 68 = -2*k, 0*b - 2*k - 128 = -2*b. Suppose 0 = 3*t - b - 12. List the prime factors of t.
2, 3
Suppose -6*y + 62 + 160 = 0. What are the prime factors of y?
37
Let p(b) be the first derivative of 2*b**3 - b**2/2 - b - 2. What are the prime factors of p(2)?
3, 7
Suppose 26*j - 22*j - 128 = 0. List the prime factors of j.
2
Let n(k) = k. Let u(g) = g**2 + 3. Let m(v) = -4*n(v) + u(v). List the prime factors of m(4).
3
Suppose -3*x + t = -14, -6*x + 11 = -3*x - 4*t. Let a(u) = -u + 25. Let s be a(20). Suppose 5 = x*q, -s*j + 3*q = -27 - 5. List the prime factors of j.
7
Let r be (-2 + 2 + 0)/2. Let l(o) = -o**2 + o**3 + 8 + 8 - 5. List the prime factors of l(r).
11
List the prime factors of (14 - 8)/(2*(-2)/(-98)).
3, 7
Let x = 69 + 31. Suppose 3*s - 8*s = -x. Suppose -4*v = 0, 0*m - s = -m - 4*v. List the prime factors of m.
2, 5
Suppose -f + 6 + 25 = 0. What are the prime factors of f?
31
Suppose -5*f + 29 = l - 72, 0 = 3*f + l - 59. Let d = f - 16. List the prime factors of d.
5
Suppose 0 = 5*j + 6*j - 2310. What are the prime factors of j?
2, 3, 5, 7
Let o be (-5)/(-15) + 8/3. Suppose -g + 2*x - 8 = 0, x = o*x - 10. List the prime factors of (10 - -2)*g/4.
2, 3
Let v = -390 - -608. What are the prime factors of v?
2, 109
Suppose -5*c = -2*c - 18. Suppose -c*o + o - k + 134 = 0, 4*k - 146 = -5*o. What are the prime factors of o?
2, 13
Suppose 10*z = 6*z + 40. What are the prime factors of z?
2, 5
Let i = 115 - 31. What are the prime factors of i?
2, 3, 7
Let g(p) = -p**3 - 6*p**2 - 6*p + 5. Suppose -3*q + 2*q - 5 = 0. What are the prime factors of g(q)?
2, 5
Suppose 2*f + 2 - 8 = 0. Suppose f*n = n + 10. List the prime factors of n.
5
Suppose 2*v - 3*h - 318 = 0, -h - 2*h = 3*v - 492. List the prime factors of v.
2, 3
Let m = 5 + -14. Let u be 0*(1 + m/6). Suppose 3*g - 28 - 2 = u. List the prime factors of g.
2, 5
Let i be (-6)/(-12) + 26/(-4). Let q = 4 + i. List the prime factors of -1*-11*(3 + q).
11
Let g = 7 + -14. List the prime factors of (-107)/g - (-2)/(-7).
3, 5
Let z(y) = y - 8. Let f be z(6). Let p(i) = -4 + 4*i**2 - 3 - 3*i - 2*i**2 + 4 + i**3. What are the prime factors of p(f)?
3
Let j = 48 - 25. Let z = 2 - j. Let p = -14 - z. List the prime factors of p.
7
Suppose -4*l - 2*p + 6 = 0, 3*l + l - p - 21 = 0. Suppose l*u - 60 = -u. What are the prime factors of u?
2, 3
Suppose -2*p + 16 - 4 = -2*z, 5*p + 4*z = 21. List the prime factors of (14 + 6)*6/p.
2, 3
Let w(x) = 3*x**2 + 1. Let y be w(1). Suppose y*z - s = 4, 3*s + 8 = -3*z + s. Let c = z - -4. List the prime factors of c.
2
Let t be 2/4*-1*16. Let b = -3 - t. What are the prime factors of b?
5
Let r(i) = -i + 14. Let b be r(9). Suppose q = b*q - 20. Suppose 0 = 3*m - 3*v - 42, -4*m - q*v + 6*v = -41. What are the prime factors of m?
3
Let z(y) = -2 - 4*y**3 + 6*y**2 + 2 + 5*y - 6 + 3*y**3. What are the prime factors of z(4)?
2, 23
Let t(o) = o**2 - o + 6. What are the prime factors of t(11)?
2, 29
Let c(o) = -o + 4. Suppose -20 = -5*i + 10*i. What are the prime factors of c(i)?
2
Let l = 5 + -1. Let o(t) = 2*t**2 - 2*t - 4. List the prime factors of o(l).
2, 5
Let l(y) be the first derivative of y**3/3 - 2*y - 4. List the prime factors of l(-3).
7
Let o be (-1)/(-1) + (3 - 4). Suppose v = -o*v + 7. Let z = v + 5. What are the prime factors of z?
2, 3
Let q(l) = -6*l - 10. What are the prime factors of q(-9)?
2, 11
Suppose -4*h + 84 = -108. What are the prime factors of h?
2, 3
Suppose -3*m - 4*m = -462. What are the prime factors of m?
2, 3, 11
Let m be 3/(-9) + 2/6. Suppose m = 5*z - 23 - 12. What are the prime factors of z?
7
Let y(i) = -205*i - 9. List the prime factors of y(-1).
2, 7
Suppose i - g = -3*g + 8, -20 = -4*g. Let o be (i/(-3))/(3/9). What are the prime factors of (o/(-3))/((-2)/33)?
11
Let x = 9 - 3. Suppose 0 = h - x*h + 25. What are the prime factors of h?
5
Let v(h) = -h - 3. Let q be v(-6). Suppose -q*g - g + 68 = 0. List the prime factors of g.
17
Let n(g) = -g**2 + 3*g + 1. Let w be n(4). Let q be (-3)/(w/(-2)) + 5. Suppose -q*b = 2*r - 28, -4*r = -3*b - b + 64. What are the prime factors of b?
2, 3
Suppose 0 = 2*o - y + 18, y - 66 = 5*o - 18. Let z be ((-96)/o)/(24/160). List the prime factors of (1/(-2))/((-4)/z).
2
Let z be 14/4 + (-5)/10. Let a(i) = 7 - i - 6 + z*i + 2*i**2. List the prime factors of a(2).
13
What are the prime factors of ((-14)/3)/(4*(-5)/420)?
2, 7
Suppose -74 = -4*j + 10. What are the prime factors of j?
3, 7
Suppose -5*r + 30 - 5 = 0. Suppose -2*z + 6 + 76 = 4*c, 2*z + r*c = 82. List the prime factors of z.
41
What are the prime factors of -1 + 13/((-13)/(-264))?
263
Let b(c) = -2*c**2 + 21*c + 14. What are the prime factors of b(10)?
2, 3
Let m be (-4)/(-3)*(6 + -12). Let l = 10 + m. List the prime factors of l.
2
Let m = -344 + 590. What are the prime factors of m?
2, 3, 41
Let h = -25 + 55. Let n = -16 + h. What are the prime factors of n?
2, 7
What are the prime factors of (-4)/((-14)/(-7)) + 1 + 182?
181
List the prime factors of 3/((-412)/(-200) + -2).
2, 5
What are the prime factors of (158*(6 - 5))/(-1 - -3)?
79
Let n(c) = -22*c - 15. What are the prime factors of n(-5)?
5, 19
Let c(d) = 5*d + 14. Let p(w) = -2*w - 7. Let h(y) = -3*c(y) - 7*p(y). List the prime factors of h(-4).
11
Suppose 0 = 5*j + 5 - 0. Let w = j + 3. What are the prime factors of (2 - 4)*w/(-2)?
2
Suppose -3*r = c - 105, -3*c + 0*r + 5*r = -371. List the prime factors of c.
3, 13
Let t(w) = w**3 + 2*w**2 + w - 1. Let f be t(2). Let z = 6 + -4. Suppose 3*y - 3 = -3*g - 0*y, z*g = 3*y + f. What are the prime factors of g?
2
Let t = 66 + -1. List the prime factors of t.
5, 13
Let b = 116 + -81. List the prime factors of b.
5, 7
What are the prime factors of (8/(-5))/((-4)/40)?
2
Let u = 219 - 153. What are the prime factors of u?
2, 3, 11
Let g(l) = -l**3 + l**2 + l - 6. Let j be g(0). Let x(w) = w**2 + 6*w + 8. What are the prime factors of x(j)?
2
List the prime factors of ((-6)/5)/(8/(-340)).
3, 17
Let f = -156 - -277. List the prime factors of f.
11
Let b = 7 + -3. Let m be ((-6)/4)/(9/(-24)). Suppose -m*f + 3*h = -29, -5*h + 65 + 4 = b*f. What are the prime factors of f?
11
Suppose 3*c + 4*w = 2, -2*w + 4 = 3*c - 0*w. Suppose -s = -a - 3, 0 = s - 4*a + c*a - 2. List the prime factors of s.
2
Let w = 0 + 4. Let m be ((-6)/w)/((-4)/8). Suppose 8*h = m*h + 20. What are the prime factors of h?
2
Let i = 0 + 27. What are the prime factors of i?
3
Suppose -3*p + 5*p - 26 = 0. Suppose 4*i + 3*h = 53, 5*i - 7*i + 3*h = -p. What are the prime factors of i?
11
Let v(y) = -y**3 + 5*y**2 + 6*y - 4. Let x be v(6). List the prime factors of (-2)/x*-2*-10.
2, 5
Let l(g) = -2*g + 7. Let p be l(-5). Suppose 3*v = 8 + 4. Suppose -3 - p = -v*q. What are the prime factors of q?
5
Let b = -13 + 11. Let p = b + 10. What are the prime factors of p?
2
Let a = -12 - -18. What are the prime factors of a?
2, 3
Let c(o) = o**2 - 2*o + 2*o - 2*o + 2 - 4*o. What are the prime factors of c(6)?
2
Let p(x) = 2*x**2 - 7*x - 11. What are the prime factors of p(5)?
2
Let y(w) = w**3 + 10*w**2 + 12*w - 6. What are the prime factors of y(-8)?
2, 13
Let i(c) = c**3 - 13*c**2 + 12*c + 4. List the prime factors of i(12).
2
Let m(q) be the first derivative of 5*q**3 - q**2/2 - 3. Suppose -2 = 4*g - 3*a, 2*g + 1 - 9 = -3*a. List the prime factors of m(g).
2, 7
Let g(s) = -s**2 - 10*s + 4. What are the prime factors of g(-6)?
2, 7
Suppose 4*d = 3*c - 258, 0 = 2*c + 2*d - 0*d - 186. What are the prime factors of c?
2, 3, 5
Suppose 3*c - 38 = 6*c - 5*p, c = 5*p - 26. What are the prime factors